{"id":10578,"date":"2025-07-03T09:16:57","date_gmt":"2025-07-03T12:16:57","guid":{"rendered":"https:\/\/www.casilda.gob.ar\/web\/?page_id=10578"},"modified":"2025-12-17T10:20:18","modified_gmt":"2025-12-17T13:20:18","slug":"residencia-de-larga-estadia","status":"publish","type":"page","link":"https:\/\/www.casilda.gob.ar\/web\/residencia-de-larga-estadia\/","title":{"rendered":"Residencia de larga estad\u00eda"},"content":{"rendered":"\n<p>Residencia de larga estad\u00eda <strong>&#8211; GERI\u00c1TRICOS &#8211;<\/strong><\/p>\n\n\n\n<div class=\"wp-block-group has-border-color has-accent-5-border-color is-content-justification-center is-nowrap is-layout-flex wp-container-core-group-is-layout-1 wp-block-group-is-layout-flex\" style=\"border-width:1px;margin-top:var(--wp--preset--spacing--10);margin-bottom:0\">\n<div class=\"wp-block-columns is-layout-flex wp-container-core-columns-is-layout-1 wp-block-columns-is-layout-flex\">\n<div class=\"wp-block-column is-layout-flow wp-block-column-is-layout-flow\">\n<p class=\"has-text-align-center\" style=\"text-decoration:underline\">Listado de Residencias larga estad\u00eda de la ciudad de Casilda<\/p>\n\n\n\n<div data-wp-interactive=\"core\/file\" class=\"wp-block-file\"><object data-wp-bind--hidden=\"!state.hasPdfPreview\" hidden class=\"wp-block-file__embed\" data=\"https:\/\/www.casilda.gob.ar\/web\/wp-content\/uploads\/2025\/12\/LISTADO-RLE-2025-ACTUALIZADO-pdf.pdf\" type=\"application\/pdf\" style=\"width:100%;height:600px\" aria-label=\"Incrustado de LISTADO RLE 2025 ACTUALIZADO pdf.\"><\/object><a id=\"wp-block-file--media-55821a9b-fefa-4809-b397-597aa6ca2102\" href=\"https:\/\/www.casilda.gob.ar\/web\/wp-content\/uploads\/2025\/12\/LISTADO-RLE-2025-ACTUALIZADO-pdf.pdf\">LISTADO RLE 2025 ACTUALIZADO pdf<\/a><a href=\"https:\/\/www.casilda.gob.ar\/web\/wp-content\/uploads\/2025\/12\/LISTADO-RLE-2025-ACTUALIZADO-pdf.pdf\" class=\"wp-block-file__button wp-element-button\" download aria-describedby=\"wp-block-file--media-55821a9b-fefa-4809-b397-597aa6ca2102\">Descarga<\/a><\/div>\n<\/div>\n\n\n\n<div class=\"wp-block-column has-background is-layout-flow wp-block-column-is-layout-flow\" style=\"background-color:#e3e3e3;flex-basis:2px\"><\/div>\n\n\n\n<div class=\"wp-block-column is-layout-flow wp-block-column-is-layout-flow\">\n<p class=\"has-text-align-center\" style=\"text-decoration:underline\">Graduados en el curso municipal de Gerontolog\u00eda<\/p>\n\n\n\n<div data-wp-interactive=\"core\/file\" class=\"wp-block-file\"><object data-wp-bind--hidden=\"!state.hasPdfPreview\" hidden class=\"wp-block-file__embed\" data=\"https:\/\/www.casilda.gob.ar\/web\/wp-content\/uploads\/2025\/12\/GRADUADOS-CURSO-DE-GERONTOLOGIA-23-24-25-pdf.pdf\" type=\"application\/pdf\" style=\"width:100%;height:600px\" aria-label=\"Incrustado de GRADUADOS CURSO DE GERONTOLOG\u00cdA 23 24 25 pdf.\"><\/object><a id=\"wp-block-file--media-4bbade93-59ef-4080-9a72-a3da7a07066b\" href=\"https:\/\/www.casilda.gob.ar\/web\/wp-content\/uploads\/2025\/12\/GRADUADOS-CURSO-DE-GERONTOLOGIA-23-24-25-pdf.pdf\">GRADUADOS CURSO DE GERONTOLOG\u00cdA 23 24 25 pdf<\/a><a href=\"https:\/\/www.casilda.gob.ar\/web\/wp-content\/uploads\/2025\/12\/GRADUADOS-CURSO-DE-GERONTOLOGIA-23-24-25-pdf.pdf\" class=\"wp-block-file__button wp-element-button\" download aria-describedby=\"wp-block-file--media-4bbade93-59ef-4080-9a72-a3da7a07066b\">Descarga<\/a><\/div>\n<\/div>\n<\/div>\n<\/div>\n\n\n\n<div class=\"wp-block-group has-border-color has-accent-5-border-color is-content-justification-center is-nowrap is-layout-flex wp-container-core-group-is-layout-2 wp-block-group-is-layout-flex\" style=\"border-width:1px;margin-top:var(--wp--preset--spacing--10);margin-bottom:0\">\n<div class=\"wp-block-columns is-layout-flex wp-container-core-columns-is-layout-2 wp-block-columns-is-layout-flex\">\n<div class=\"wp-block-column is-layout-flow wp-block-column-is-layout-flow\">\n<p class=\"has-text-align-center\">ORDENANZA 2836 GERIATRICOS<\/p>\n\n\n\n<div data-wp-interactive=\"core\/file\" class=\"wp-block-file\"><object data-wp-bind--hidden=\"!state.hasPdfPreview\" hidden class=\"wp-block-file__embed\" data=\"https:\/\/www.casilda.gob.ar\/web\/wp-content\/uploads\/2025\/07\/ORDENANZA-2836-GERIATRICOS-CASILDA.pdf\" type=\"application\/pdf\" style=\"width:100%;height:600px\" aria-label=\"Incrustado de ORDENANZA 2836 GERIATRICOS CASILDA.\"><\/object><a id=\"wp-block-file--media-9de00be2-c6b4-4192-8be9-4e24e50ccce4\" href=\"https:\/\/www.casilda.gob.ar\/web\/wp-content\/uploads\/2025\/07\/ORDENANZA-2836-GERIATRICOS-CASILDA.pdf\">ORDENANZA 2836 GERIATRICOS CASILDA<\/a><a href=\"https:\/\/www.casilda.gob.ar\/web\/wp-content\/uploads\/2025\/07\/ORDENANZA-2836-GERIATRICOS-CASILDA.pdf\" class=\"wp-block-file__button wp-element-button\" download aria-describedby=\"wp-block-file--media-9de00be2-c6b4-4192-8be9-4e24e50ccce4\">Descarga<\/a><\/div>\n<\/div>\n\n\n\n<div class=\"wp-block-column has-background is-layout-flow wp-block-column-is-layout-flow\" style=\"background-color:#e3e3e3;flex-basis:2px\"><\/div>\n\n\n\n<div class=\"wp-block-column is-layout-flow wp-block-column-is-layout-flow\">\n<p class=\"has-text-align-center\">ORDENANZA 3405 CARNET DE GERONTOLOGIA<\/p>\n\n\n\n<div data-wp-interactive=\"core\/file\" class=\"wp-block-file\"><object data-wp-bind--hidden=\"!state.hasPdfPreview\" hidden class=\"wp-block-file__embed\" data=\"https:\/\/www.casilda.gob.ar\/web\/wp-content\/uploads\/2025\/07\/ORDENANZA-3405-CARNET-DE-GERONTOLOGIA-CASILDA.pdf\" type=\"application\/pdf\" style=\"width:100%;height:600px\" aria-label=\"Incrustado de ORDENANZA 3405 CARNET DE GERONTOLOGIA CASILDA.\"><\/object><a id=\"wp-block-file--media-c1a7305f-592d-4fc2-b832-6e7aebf53ec3\" href=\"https:\/\/www.casilda.gob.ar\/web\/wp-content\/uploads\/2025\/07\/ORDENANZA-3405-CARNET-DE-GERONTOLOGIA-CASILDA.pdf\">ORDENANZA 3405 CARNET DE GERONTOLOGIA CASILDA<\/a><a href=\"https:\/\/www.casilda.gob.ar\/web\/wp-content\/uploads\/2025\/07\/ORDENANZA-3405-CARNET-DE-GERONTOLOGIA-CASILDA.pdf\" class=\"wp-block-file__button wp-element-button\" download aria-describedby=\"wp-block-file--media-c1a7305f-592d-4fc2-b832-6e7aebf53ec3\">Descarga<\/a><\/div>\n<\/div>\n<\/div>\n<\/div>\n\n\n\n<p><\/p>\n","protected":false},"excerpt":{"rendered":"<p>Residencia de larga estad\u00eda &#8211; GERI\u00c1TRICOS &#8211; Listado de Residencias larga estad\u00eda de la ciudad de Casilda Graduados en el curso municipal de Gerontolog\u00eda ORDENANZA 2836 GERIATRICOS ORDENANZA 3405 CARNET DE GERONTOLOGIA<\/p>\n","protected":false},"author":1,"featured_media":0,"parent":0,"menu_order":0,"comment_status":"closed","ping_status":"closed","template":"","meta":{"_uag_custom_page_level_css":"","footnotes":""},"class_list":["post-10578","page","type-page","status-publish","hentry"],"yoast_head":"<!-- This site is optimized with the Yoast SEO plugin v26.8 - https:\/\/yoast.com\/product\/yoast-seo-wordpress\/ -->\n<title>Residencia de larga estad\u00eda - Municipalidad de Casilda<\/title>\n<meta name=\"description\" content=\"Residencia de larga estad\u00eda - GERI\u00c1TRICOS -\" \/>\n<meta name=\"robots\" content=\"index, follow, max-snippet:-1, max-image-preview:large, max-video-preview:-1\" \/>\n<link rel=\"canonical\" href=\"https:\/\/www.casilda.gob.ar\/web\/residencia-de-larga-estadia\/\" \/>\n<meta property=\"og:locale\" content=\"es_ES\" \/>\n<meta property=\"og:type\" content=\"article\" \/>\n<meta property=\"og:title\" content=\"Residencia de larga estad\u00eda - Municipalidad de Casilda\" \/>\n<meta property=\"og:description\" content=\"Residencia de larga estad\u00eda - GERI\u00c1TRICOS -\" \/>\n<meta property=\"og:url\" content=\"https:\/\/www.casilda.gob.ar\/web\/residencia-de-larga-estadia\/\" \/>\n<meta property=\"og:site_name\" content=\"Municipalidad de Casilda\" \/>\n<meta property=\"article:modified_time\" content=\"2025-12-17T13:20:18+00:00\" \/>\n<meta name=\"twitter:card\" content=\"summary_large_image\" \/>\n<meta name=\"twitter:label1\" content=\"Tiempo de lectura\" \/>\n\t<meta name=\"twitter:data1\" content=\"1 minuto\" \/>\n<script type=\"application\/ld+json\" class=\"yoast-schema-graph\">{\"@context\":\"https:\/\/schema.org\",\"@graph\":[{\"@type\":\"WebPage\",\"@id\":\"https:\/\/www.casilda.gob.ar\/web\/residencia-de-larga-estadia\/\",\"url\":\"https:\/\/www.casilda.gob.ar\/web\/residencia-de-larga-estadia\/\",\"name\":\"Residencia de larga estad\u00eda - Municipalidad de Casilda\",\"isPartOf\":{\"@id\":\"https:\/\/www.casilda.gob.ar\/web\/#website\"},\"datePublished\":\"2025-07-03T12:16:57+00:00\",\"dateModified\":\"2025-12-17T13:20:18+00:00\",\"description\":\"Residencia de larga estad\u00eda - GERI\u00c1TRICOS -\",\"breadcrumb\":{\"@id\":\"https:\/\/www.casilda.gob.ar\/web\/residencia-de-larga-estadia\/#breadcrumb\"},\"inLanguage\":\"es\",\"potentialAction\":[{\"@type\":\"ReadAction\",\"target\":[\"https:\/\/www.casilda.gob.ar\/web\/residencia-de-larga-estadia\/\"]}]},{\"@type\":\"BreadcrumbList\",\"@id\":\"https:\/\/www.casilda.gob.ar\/web\/residencia-de-larga-estadia\/#breadcrumb\",\"itemListElement\":[{\"@type\":\"ListItem\",\"position\":1,\"name\":\"Inicio\",\"item\":\"https:\/\/www.casilda.gob.ar\/web\/\"},{\"@type\":\"ListItem\",\"position\":2,\"name\":\"Residencia de larga estad\u00eda\"}]},{\"@type\":\"WebSite\",\"@id\":\"https:\/\/www.casilda.gob.ar\/web\/#website\",\"url\":\"https:\/\/www.casilda.gob.ar\/web\/\",\"name\":\"Municipalidad de Casilda\",\"description\":\"Construyendo Futuro\",\"potentialAction\":[{\"@type\":\"SearchAction\",\"target\":{\"@type\":\"EntryPoint\",\"urlTemplate\":\"https:\/\/www.casilda.gob.ar\/web\/?s={search_term_string}\"},\"query-input\":{\"@type\":\"PropertyValueSpecification\",\"valueRequired\":true,\"valueName\":\"search_term_string\"}}],\"inLanguage\":\"es\"}]}<\/script>\n<!-- \/ Yoast SEO plugin. -->","yoast_head_json":{"title":"Residencia de larga estad\u00eda - Municipalidad de Casilda","description":"Residencia de larga estad\u00eda - GERI\u00c1TRICOS -","robots":{"index":"index","follow":"follow","max-snippet":"max-snippet:-1","max-image-preview":"max-image-preview:large","max-video-preview":"max-video-preview:-1"},"canonical":"https:\/\/www.casilda.gob.ar\/web\/residencia-de-larga-estadia\/","og_locale":"es_ES","og_type":"article","og_title":"Residencia de larga estad\u00eda - Municipalidad de Casilda","og_description":"Residencia de larga estad\u00eda - GERI\u00c1TRICOS -","og_url":"https:\/\/www.casilda.gob.ar\/web\/residencia-de-larga-estadia\/","og_site_name":"Municipalidad de Casilda","article_modified_time":"2025-12-17T13:20:18+00:00","twitter_card":"summary_large_image","twitter_misc":{"Tiempo de lectura":"1 minuto"},"schema":{"@context":"https:\/\/schema.org","@graph":[{"@type":"WebPage","@id":"https:\/\/www.casilda.gob.ar\/web\/residencia-de-larga-estadia\/","url":"https:\/\/www.casilda.gob.ar\/web\/residencia-de-larga-estadia\/","name":"Residencia de larga estad\u00eda - Municipalidad de Casilda","isPartOf":{"@id":"https:\/\/www.casilda.gob.ar\/web\/#website"},"datePublished":"2025-07-03T12:16:57+00:00","dateModified":"2025-12-17T13:20:18+00:00","description":"Residencia de larga estad\u00eda - GERI\u00c1TRICOS -","breadcrumb":{"@id":"https:\/\/www.casilda.gob.ar\/web\/residencia-de-larga-estadia\/#breadcrumb"},"inLanguage":"es","potentialAction":[{"@type":"ReadAction","target":["https:\/\/www.casilda.gob.ar\/web\/residencia-de-larga-estadia\/"]}]},{"@type":"BreadcrumbList","@id":"https:\/\/www.casilda.gob.ar\/web\/residencia-de-larga-estadia\/#breadcrumb","itemListElement":[{"@type":"ListItem","position":1,"name":"Inicio","item":"https:\/\/www.casilda.gob.ar\/web\/"},{"@type":"ListItem","position":2,"name":"Residencia de larga estad\u00eda"}]},{"@type":"WebSite","@id":"https:\/\/www.casilda.gob.ar\/web\/#website","url":"https:\/\/www.casilda.gob.ar\/web\/","name":"Municipalidad de Casilda","description":"Construyendo Futuro","potentialAction":[{"@type":"SearchAction","target":{"@type":"EntryPoint","urlTemplate":"https:\/\/www.casilda.gob.ar\/web\/?s={search_term_string}"},"query-input":{"@type":"PropertyValueSpecification","valueRequired":true,"valueName":"search_term_string"}}],"inLanguage":"es"}]}},"uagb_featured_image_src":{"full":false,"thumbnail":false,"medium":false,"medium_large":false,"large":false,"1536x1536":false,"2048x2048":false},"uagb_author_info":{"display_name":"Municipalidad Casilda","author_link":"https:\/\/www.casilda.gob.ar\/web\/author\/admin\/"},"uagb_comment_info":0,"uagb_excerpt":"Residencia de larga estad\u00eda &#8211; GERI\u00c1TRICOS &#8211; Listado de Residencias larga estad\u00eda de la ciudad de Casilda Graduados en el curso municipal de Gerontolog\u00eda ORDENANZA 2836 GERIATRICOS ORDENANZA 3405 CARNET DE GERONTOLOGIA","_links":{"self":[{"href":"https:\/\/www.casilda.gob.ar\/web\/wp-json\/wp\/v2\/pages\/10578","targetHints":{"allow":["GET"]}}],"collection":[{"href":"https:\/\/www.casilda.gob.ar\/web\/wp-json\/wp\/v2\/pages"}],"about":[{"href":"https:\/\/www.casilda.gob.ar\/web\/wp-json\/wp\/v2\/types\/page"}],"author":[{"embeddable":true,"href":"https:\/\/www.casilda.gob.ar\/web\/wp-json\/wp\/v2\/users\/1"}],"replies":[{"embeddable":true,"href":"https:\/\/www.casilda.gob.ar\/web\/wp-json\/wp\/v2\/comments?post=10578"}],"version-history":[{"count":3,"href":"https:\/\/www.casilda.gob.ar\/web\/wp-json\/wp\/v2\/pages\/10578\/revisions"}],"predecessor-version":[{"id":14125,"href":"https:\/\/www.casilda.gob.ar\/web\/wp-json\/wp\/v2\/pages\/10578\/revisions\/14125"}],"wp:attachment":[{"href":"https:\/\/www.casilda.gob.ar\/web\/wp-json\/wp\/v2\/media?parent=10578"}],"curies":[{"name":"wp","href":"https:\/\/api.w.org\/{rel}","templated":true}]}}