{"id":5475,"date":"2025-04-07T10:23:31","date_gmt":"2025-04-07T13:23:31","guid":{"rendered":"https:\/\/www.casilda.gob.ar\/web\/?page_id=5475"},"modified":"2026-05-04T10:33:36","modified_gmt":"2026-05-04T13:33:36","slug":"teatro-dante-casilda","status":"publish","type":"page","link":"https:\/\/www.casilda.gob.ar\/web\/teatro-dante-casilda\/","title":{"rendered":"Cartelera Teatro Dante"},"content":{"rendered":"\n<p style=\"margin-bottom:var(--wp--preset--spacing--10)\"><strong>Descubr\u00ed la cartelera del Teatro Dante<\/strong>: obras de teatro, cine, m\u00fasica y eventos culturales para todas las edades. \u00a1Enterate de lo que viene!<\/p>\n\n\n\n\t\t\t<div class=\"wp-block-uagb-post-grid uagb-post-grid  uagb-post__image-position-top uagb-post__image-enabled uagb-block-f351cb93     uagb-post__items uagb-post__columns-0 is-grid uagb-post__columns-tablet-2 uagb-post__columns-mobile-1 uagb-post__equal-height\" data-total=\"40\" style=\"\">\n\n\t\t\t\t\t\t\t\t\t\t\t\t<article class=\"uagb-post__inner-wrap\">\t\t\t\t\t\t\t\t<div class='uagb-post__image'>\n\t\t\t\t\t\t\t\t\t<a href=\"https:\/\/www.casilda.gob.ar\/web\/taller-de-teatro-municipal-para-ninos-y-jovenes\/\" target=\"_self\" rel=\"bookmark noopener noreferrer\" class='uagb-image-ratio-inherit'><img loading=\"lazy\" decoding=\"async\" width=\"1024\" height=\"160\" src=\"https:\/\/www.casilda.gob.ar\/web\/wp-content\/uploads\/2026\/02\/PORTADA-NOTICIAS-2026-02-20T104659.127-1024x160.png\" class=\"attachment-large size-large\" alt=\"\" srcset=\"https:\/\/www.casilda.gob.ar\/web\/wp-content\/uploads\/2026\/02\/PORTADA-NOTICIAS-2026-02-20T104659.127-1024x160.png 1024w, https:\/\/www.casilda.gob.ar\/web\/wp-content\/uploads\/2026\/02\/PORTADA-NOTICIAS-2026-02-20T104659.127-300x47.png 300w, https:\/\/www.casilda.gob.ar\/web\/wp-content\/uploads\/2026\/02\/PORTADA-NOTICIAS-2026-02-20T104659.127-768x120.png 768w, https:\/\/www.casilda.gob.ar\/web\/wp-content\/uploads\/2026\/02\/PORTADA-NOTICIAS-2026-02-20T104659.127-1536x240.png 1536w, https:\/\/www.casilda.gob.ar\/web\/wp-content\/uploads\/2026\/02\/PORTADA-NOTICIAS-2026-02-20T104659.127.png 1920w\" sizes=\"auto, (max-width: 1024px) 100vw, 1024px\" \/>\t\t\t\t\t<\/a>\n\t\t\t\t\t\t\t<\/div>\n\t\t\t\t\t\t<h4 class=\"uagb-post__title uagb-post__text\">\n\t\t\t\t<a href=\"https:\/\/www.casilda.gob.ar\/web\/taller-de-teatro-municipal-para-ninos-y-jovenes\/\" target=\"_self\" rel=\"bookmark noopener noreferrer\">Taller de Teatro Municipal para Ni\u00f1os y J\u00f3venes<\/a>\n\t\t\t<\/h4>\n\t\t\t\t\t\t<div class='uagb-post__text uagb-post-grid-byline'>\n\t\t\t\t\t\t\t<\/div>\n\t\t\t\t\t\t<div class=\"uagb-post__text uagb-post__cta wp-block-button\">\n\t\t\t\t<a class=\"wp-block-button__link uagb-text-link\" style=\"\" href=\"https:\/\/www.casilda.gob.ar\/web\/taller-de-teatro-municipal-para-ninos-y-jovenes\/\" target=\"_self\" rel=\"bookmark noopener noreferrer\">Leer m\u00e1s<\/a>\n\t\t\t<\/div>\n\t\t\t\n\t\t\t\t\t\t\t\t\t<\/article>\n\t\t\t\t\t\t\t\t\t\t\t<\/div>\n\t\t\t\n\n\n<div class=\"wp-block-group has-border-color has-global-padding is-layout-constrained wp-block-group-is-layout-constrained\" style=\"border-color:#00aaff2e;border-width:3px;margin-top:var(--wp--preset--spacing--30);padding-top:0\">\n<div class=\"wp-block-group is-content-justification-center is-nowrap is-layout-flex wp-container-core-group-is-layout-1 wp-block-group-is-layout-flex\" style=\"margin-top:var(--wp--preset--spacing--10);margin-bottom:var(--wp--preset--spacing--10)\">\n<p style=\"font-size:clamp(14px, 0.875rem + ((1vw - 3.2px) * 0.469), 20px);text-decoration:underline\"><strong>Cartelera MAYO<\/strong><\/p>\n<\/div>\n\n\n\n<div class=\"wp-block-group is-nowrap is-layout-flex wp-container-core-group-is-layout-2 wp-block-group-is-layout-flex\">\n<div class=\"wp-block-columns is-layout-flex wp-container-core-columns-is-layout-1 wp-block-columns-is-layout-flex\">\n<div class=\"wp-block-column is-layout-flow wp-block-column-is-layout-flow\">\n<div class=\"wp-block-uagb-modal uagb-block-190591cf uagb-modal-wrapper\" data-escpress=\"enable\" data-overlayclick=\"disable\"><img decoding=\"async\" src=\"https:\/\/www.casilda.gob.ar\/web\/wp-content\/uploads\/2026\/05\/CINE-1.jpg\" alt=\"\" class=\"uagb-modal-trigger\" width=\"1080\" height=\"720\" loading=\"lazy\"\/><div class=\"uagb-effect-default uagb-modal-popup uagb-block-190591cf uagb-modal-type-undefined\"><div class=\"uagb-modal-popup-wrap\"><div class=\"uagb-modal-popup-content\">\n<div class=\"wp-block-uagb-info-box uagb-block-279c7c9e uagb-infobox__content-wrap  uagb-infobox-icon-above-title uagb-infobox-image-valign-top\"><div class=\"uagb-ifb-content\"><div class=\"uagb-ifb-title-wrap\"><h3 class=\"uagb-ifb-title\"><br><strong>LA CASACA DE DIOS<\/strong><\/h3><\/div><p class=\"uagb-ifb-desc\"><strong>CINE EN EL TEATRO DANTE<br>MARTES 5 DE MAYO \u2013 20:30 HORAS<\/strong><br>Entradas generales $3000 y Jubilados y estudiantes $1500.-<br>LA CASACA DE DIOS<br>\u00abLa casaca de Dios\u00bb est\u00e1 basada en un hecho ins\u00f3lito pero real que revive la incre\u00edble y m\u00edtica historia de la camiseta azul de Maradona en el Mundial de 1986 con la que hizo el gol del siglo y que luego fue subastada como el art\u00edculo m\u00e1s caro de la historia del deporte. A\u00f1os despu\u00e9s, con el Mundial de Qatar 2022 en el horizonte, Tit\u00ed Malvestiti y su hija Erika se enteran de que la m\u00edtica camiseta est\u00e1 a punto de ser subastada por un coleccionista millonario. Para \u00e9l, esta camiseta representa mucho m\u00e1s que un objeto hist\u00f3rico: es parte esencial de su vida. Junto a su hija emprende una misi\u00f3n llena de humor, emoci\u00f3n y valent\u00eda, un viaje donde lo absurdo se mezcla con la profunda identidad argentina.<\/p><\/div><\/div>\n<\/div><button class=\"uagb-modal-popup-close\" aria-label=\"Close Modal\"><svg xmlns=\"https:\/\/www.w3.org\/2000\/svg\" viewBox=\"0 0 320 512\"><path d=\"M310.6 361.4c12.5 12.5 12.5 32.75 0 45.25C304.4 412.9 296.2 416 288 416s-16.38-3.125-22.62-9.375L160 301.3L54.63 406.6C48.38 412.9 40.19 416 32 416S15.63 412.9 9.375 406.6c-12.5-12.5-12.5-32.75 0-45.25l105.4-105.4L9.375 150.6c-12.5-12.5-12.5-32.75 0-45.25s32.75-12.5 45.25 0L160 210.8l105.4-105.4c12.5-12.5 32.75-12.5 45.25 0s12.5 32.75 0 45.25l-105.4 105.4L310.6 361.4z\"><\/path><\/svg><\/button><\/div><\/div><\/div>\n\n\n\n<div class=\"wp-block-uagb-modal uagb-block-67e55e48 uagb-modal-wrapper\" data-escpress=\"enable\" data-overlayclick=\"disable\"><img decoding=\"async\" src=\"https:\/\/www.casilda.gob.ar\/web\/wp-content\/uploads\/2026\/05\/TANGO-PARA-TRES.jpg\" alt=\"\" class=\"uagb-modal-trigger\" width=\"1080\" height=\"720\" loading=\"lazy\"\/><div class=\"uagb-effect-default uagb-modal-popup uagb-block-67e55e48 uagb-modal-type-undefined\"><div class=\"uagb-modal-popup-wrap\"><div class=\"uagb-modal-popup-content\">\n<div class=\"wp-block-uagb-info-box uagb-block-17a95819 uagb-infobox__content-wrap  uagb-infobox-icon-above-title uagb-infobox-image-valign-top\"><div class=\"uagb-ifb-content\"><div class=\"uagb-ifb-title-wrap\"><h3 class=\"uagb-ifb-title\"><br><strong>TANGO PARA TRES<\/strong><\/h3><\/div><p class=\"uagb-ifb-desc\"><strong>S\u00c1BADO 16 DE MAYO \u2013 21 HORAS<br>TEATRO DANTE<br><\/strong>Se reencuentran en el escenario Arnaldo Andr\u00e9 y Marta Gonz\u00e1lez, acompa\u00f1ados por Romina Fern\u00e1ndes, en esta historia escrita y dirigida por Hern\u00e1n Krasutzky, bajo la producci\u00f3n de Dami\u00e1n Sequeira. Hip\u00f3lito es un famoso escritor que se encuentra bloqueado. Minerva, su mujer, es una prestigiosa cantante de tango que ya no canta y se niega a dejar que su marido se rinda igual que ella. Con la aparici\u00f3n de Alma, una joven periodista y fan\u00e1tica de su marido que busca una entrevista, aparece la oportunidad para volver a encender la pluma de Hip\u00f3lito. Entre seducci\u00f3n y celos el tri\u00e1ngulo amoroso enciende una llama que termina atrap\u00e1ndolos a todos en un fogoso tango para tres. Una divertida comedia dram\u00e1tica sobre lo que no termina, lo que no se suelta&#8230; y lo que todav\u00eda puede arder.<\/p><\/div><\/div>\n<\/div><button class=\"uagb-modal-popup-close\" aria-label=\"Close Modal\"><svg xmlns=\"https:\/\/www.w3.org\/2000\/svg\" viewBox=\"0 0 320 512\"><path d=\"M310.6 361.4c12.5 12.5 12.5 32.75 0 45.25C304.4 412.9 296.2 416 288 416s-16.38-3.125-22.62-9.375L160 301.3L54.63 406.6C48.38 412.9 40.19 416 32 416S15.63 412.9 9.375 406.6c-12.5-12.5-12.5-32.75 0-45.25l105.4-105.4L9.375 150.6c-12.5-12.5-12.5-32.75 0-45.25s32.75-12.5 45.25 0L160 210.8l105.4-105.4c12.5-12.5 32.75-12.5 45.25 0s12.5 32.75 0 45.25l-105.4 105.4L310.6 361.4z\"><\/path><\/svg><\/button><\/div><\/div><\/div>\n\n\n\n<div class=\"wp-block-uagb-modal uagb-block-69dc35e4 uagb-modal-wrapper\" data-escpress=\"enable\" data-overlayclick=\"disable\"><img decoding=\"async\" src=\"https:\/\/www.casilda.gob.ar\/web\/wp-content\/uploads\/2026\/04\/JUAN-FALU.jpeg\" alt=\"\" class=\"uagb-modal-trigger\" width=\"1080\" height=\"720\" loading=\"lazy\"\/><div class=\"uagb-effect-default uagb-modal-popup uagb-block-69dc35e4 uagb-modal-type-undefined\"><div class=\"uagb-modal-popup-wrap\"><div class=\"uagb-modal-popup-content\">\n<div class=\"wp-block-uagb-info-box uagb-block-69f7a581 uagb-infobox__content-wrap  uagb-infobox-icon-above-title uagb-infobox-image-valign-top\"><div class=\"uagb-ifb-content\"><div class=\"uagb-ifb-title-wrap\"><h3 class=\"uagb-ifb-title\"><br><strong><strong>JUAN FAL\u00da EN CONCIERTO<\/strong><\/strong><\/h3><\/div><p class=\"uagb-ifb-desc\"><strong>DOMINGO 24 DE MAYO \u2013 20 HORAS<br>TEATRO DANTE<\/strong><br><br>El Maestro JUAN FAL\u00da con su voz y su guitarra ofrecer\u00e1 el domingo 24 de mayo en el TEATRO DANTE de Casilda un recorrido integral por su obra&#8230;desde los cl\u00e1sicos de siempre&#8230; hasta la presentaci\u00f3n de su nuevo trabajo \u00abTucumano soy&#8230;\u00bb<\/p><\/div><\/div>\n<\/div><button class=\"uagb-modal-popup-close\" aria-label=\"Close Modal\"><svg xmlns=\"https:\/\/www.w3.org\/2000\/svg\" viewBox=\"0 0 320 512\"><path d=\"M310.6 361.4c12.5 12.5 12.5 32.75 0 45.25C304.4 412.9 296.2 416 288 416s-16.38-3.125-22.62-9.375L160 301.3L54.63 406.6C48.38 412.9 40.19 416 32 416S15.63 412.9 9.375 406.6c-12.5-12.5-12.5-32.75 0-45.25l105.4-105.4L9.375 150.6c-12.5-12.5-12.5-32.75 0-45.25s32.75-12.5 45.25 0L160 210.8l105.4-105.4c12.5-12.5 32.75-12.5 45.25 0s12.5 32.75 0 45.25l-105.4 105.4L310.6 361.4z\"><\/path><\/svg><\/button><\/div><\/div><\/div>\n<\/div>\n\n\n\n<div class=\"wp-block-column is-layout-flow wp-block-column-is-layout-flow\">\n<div class=\"wp-block-uagb-modal uagb-block-dd0d8a5b uagb-modal-wrapper\" data-escpress=\"enable\" data-overlayclick=\"disable\"><img decoding=\"async\" src=\"https:\/\/www.casilda.gob.ar\/web\/wp-content\/uploads\/2026\/05\/CANTATRIZ.jpg\" alt=\"\" class=\"uagb-modal-trigger\" width=\"1080\" height=\"720\" loading=\"lazy\"\/><div class=\"uagb-effect-default uagb-modal-popup uagb-block-dd0d8a5b uagb-modal-type-undefined\"><div class=\"uagb-modal-popup-wrap\"><div class=\"uagb-modal-popup-content\">\n<div class=\"wp-block-uagb-info-box uagb-block-0e7a25b8 uagb-infobox__content-wrap  uagb-infobox-icon-above-title uagb-infobox-image-valign-top\"><div class=\"uagb-ifb-content\"><div class=\"uagb-ifb-title-wrap\"><h3 class=\"uagb-ifb-title\"><br><strong>CANTATRIZ INCANTATIO<\/strong><\/h3><\/div><p class=\"uagb-ifb-desc\"><strong>VIERNES 8 DE MAYO \u2013 21 HORAS<br>TEATRO DANTE<\/strong><br>Cuenta la leyenda que cada 120 a\u00f1os, las luces se encienden, el eco de pasos resuena y una voz profunda entona un canto dif\u00edcil de descifrar. Algunos murmuran que son las almas de actores que no han dejado su \u00faltima funci\u00f3n. Los espejos del camar\u00edn reflejan sonrisas congeladas en un instante de locura&#8230; Dicen que quien entra al Teatro Dante durante esa misteriosa noche nunca volver\u00e1 a ser el mismo. El viernes 8 de mayo a las 21 horas las puertas se abren solas para reclamar nuevos interpretes en una eterna funci\u00f3n y a un nuevo p\u00fablico para tomar sus sombras en un aplauso perpetuo. Entrada un alimento no perecedero a beneficio de la Vecinal Nueva Roma.<\/p><\/div><\/div>\n<\/div><button class=\"uagb-modal-popup-close\" aria-label=\"Close Modal\"><svg xmlns=\"https:\/\/www.w3.org\/2000\/svg\" viewBox=\"0 0 320 512\"><path d=\"M310.6 361.4c12.5 12.5 12.5 32.75 0 45.25C304.4 412.9 296.2 416 288 416s-16.38-3.125-22.62-9.375L160 301.3L54.63 406.6C48.38 412.9 40.19 416 32 416S15.63 412.9 9.375 406.6c-12.5-12.5-12.5-32.75 0-45.25l105.4-105.4L9.375 150.6c-12.5-12.5-12.5-32.75 0-45.25s32.75-12.5 45.25 0L160 210.8l105.4-105.4c12.5-12.5 32.75-12.5 45.25 0s12.5 32.75 0 45.25l-105.4 105.4L310.6 361.4z\"><\/path><\/svg><\/button><\/div><\/div><\/div>\n\n\n\n<div class=\"wp-block-uagb-modal uagb-block-adb04807 uagb-modal-wrapper\" data-escpress=\"enable\" data-overlayclick=\"disable\"><img decoding=\"async\" src=\"https:\/\/www.casilda.gob.ar\/web\/wp-content\/uploads\/2026\/04\/4-RAUL-LANAS.jpg\" alt=\"\" class=\"uagb-modal-trigger\" width=\"1080\" height=\"720\" loading=\"lazy\"\/><div class=\"uagb-effect-default uagb-modal-popup uagb-block-adb04807 uagb-modal-type-undefined\"><div class=\"uagb-modal-popup-wrap\"><div class=\"uagb-modal-popup-content\">\n<div class=\"wp-block-uagb-info-box uagb-block-4742e6cd uagb-infobox__content-wrap  uagb-infobox-icon-above-title uagb-infobox-image-valign-top\"><div class=\"uagb-ifb-content\"><div class=\"uagb-ifb-title-wrap\"><h3 class=\"uagb-ifb-title\"><strong><br><strong>TRES VOCES, UN TANGO&#8230; 10 A\u00d1OS DE LAS \u00abDISTINCIONES MAGALDI<\/strong><\/strong><\/h3><\/div><p class=\"uagb-ifb-desc\"><strong>S\u00c1BADO 23 DE MAYO \u2013 21:30 HORAS<\/strong><br><strong>TEATRO DANTE<\/strong><br><br>Comenzamos a festejarlo con un intercambio cultural internacional. Una noche con lo mejor del tango. Regresa a Casilda, Roberto Sugiura, el m\u00e1ximo exponente del tango en Jap\u00f3n. El tango es un lenguaje universal que conecta a personas de culturas diferentes. En el caso de Jap\u00f3n y Argentina, dos pa\u00edses con historias y tradiciones muy distintas, el tango se convierte en un puente que une sus emociones y pasiones. Lo acompa\u00f1aran dos \u00abMagaldi de Oro\u00bb, de nuestra ciudad Daniel \u00abEl Tano\u00bb Lucci y de San Nicolas Eduardo Rodr\u00edguez, junto a parejas de baile. Sugiura, visito Casilda en el 2023 donde recibi\u00f3 el \u00abMagaldi de Platino a su trayectoria\u00bb.<\/p><\/div><\/div>\n<\/div><button class=\"uagb-modal-popup-close\" aria-label=\"Close Modal\"><svg xmlns=\"https:\/\/www.w3.org\/2000\/svg\" viewBox=\"0 0 320 512\"><path d=\"M310.6 361.4c12.5 12.5 12.5 32.75 0 45.25C304.4 412.9 296.2 416 288 416s-16.38-3.125-22.62-9.375L160 301.3L54.63 406.6C48.38 412.9 40.19 416 32 416S15.63 412.9 9.375 406.6c-12.5-12.5-12.5-32.75 0-45.25l105.4-105.4L9.375 150.6c-12.5-12.5-12.5-32.75 0-45.25s32.75-12.5 45.25 0L160 210.8l105.4-105.4c12.5-12.5 32.75-12.5 45.25 0s12.5 32.75 0 45.25l-105.4 105.4L310.6 361.4z\"><\/path><\/svg><\/button><\/div><\/div><\/div>\n\n\n\n<div class=\"wp-block-uagb-modal uagb-block-14e2d850 uagb-modal-wrapper\" data-escpress=\"enable\" data-overlayclick=\"disable\"><img decoding=\"async\" src=\"https:\/\/www.casilda.gob.ar\/web\/wp-content\/uploads\/2026\/05\/LA-ESTACION.jpeg\" alt=\"\" class=\"uagb-modal-trigger\" width=\"1080\" height=\"720\" loading=\"lazy\"\/><div class=\"uagb-effect-default uagb-modal-popup uagb-block-14e2d850 uagb-modal-type-undefined\"><div class=\"uagb-modal-popup-wrap\"><div class=\"uagb-modal-popup-content\">\n<div class=\"wp-block-uagb-info-box uagb-block-31f693dd uagb-infobox__content-wrap  uagb-infobox-icon-above-title uagb-infobox-image-valign-top\"><div class=\"uagb-ifb-content\"><div class=\"uagb-ifb-title-wrap\"><h3 class=\"uagb-ifb-title\"><strong><br><strong><strong>LA ESTACI\u00d3N<\/strong><\/strong><\/strong><\/h3><\/div><p class=\"uagb-ifb-desc\"><strong>S\u00c1BADO 30 DE MAYO \u2013 21 HORAS<br>TEATRO DANTE<\/strong><br><br>La banda nacida en Fuentes integrada por Ana Laura Antico en voz, Yanina Silvetti en guitarra, Federico Esmoriz en teclados, Nery Tenaglia en bajo y Silvio Romagnoli en bater\u00eda, vuelve al Dante de la ciudad de Casilda el s\u00e1bado 30 de mayo. A diferencia del a\u00f1o 2019 donde presentaban su primer disco \u00ablloviendo en la ciudad\u00bb, esta vez con show nuevo, compuesto por temas de distintos autores dentro de los g\u00e9neros rock y pop, nacionales. La elecci\u00f3n de las canciones fue hecha pensando en abarcar todo tipo de p\u00fablico que guste de escuchar m\u00fasica y pasar un momento agradable, si bien el objetivo principal del show es el entretenimiento y la diversi\u00f3n tambi\u00e9n deja lugar para momentos sensibles, y sutiles.<\/p><\/div><\/div>\n<\/div><button class=\"uagb-modal-popup-close\" aria-label=\"Close Modal\"><svg xmlns=\"https:\/\/www.w3.org\/2000\/svg\" viewBox=\"0 0 320 512\"><path d=\"M310.6 361.4c12.5 12.5 12.5 32.75 0 45.25C304.4 412.9 296.2 416 288 416s-16.38-3.125-22.62-9.375L160 301.3L54.63 406.6C48.38 412.9 40.19 416 32 416S15.63 412.9 9.375 406.6c-12.5-12.5-12.5-32.75 0-45.25l105.4-105.4L9.375 150.6c-12.5-12.5-12.5-32.75 0-45.25s32.75-12.5 45.25 0L160 210.8l105.4-105.4c12.5-12.5 32.75-12.5 45.25 0s12.5 32.75 0 45.25l-105.4 105.4L310.6 361.4z\"><\/path><\/svg><\/button><\/div><\/div><\/div>\n<\/div>\n<\/div>\n<\/div>\n\n\n<\/div>\n\n\n\n\n\n\n\n\n\n\n","protected":false},"excerpt":{"rendered":"<p>Descubr\u00ed la cartelera del Teatro Dante: obras de teatro, cine, m\u00fasica y eventos culturales para todas las edades. \u00a1Enterate de lo que viene! Cartelera MAYO Cartelera ABRIL Cartelera Junio Cartelera JULIO Cartelera AGOSTO Cartelera Septiembre<\/p>\n","protected":false},"author":1,"featured_media":0,"parent":0,"menu_order":0,"comment_status":"closed","ping_status":"closed","template":"","meta":{"_uag_custom_page_level_css":"","footnotes":""},"class_list":["post-5475","page","type-page","status-publish","hentry"],"yoast_head":"<!-- This site is optimized with the Yoast SEO plugin v26.8 - https:\/\/yoast.com\/product\/yoast-seo-wordpress\/ -->\n<title>Cartelera Teatro Dante - Municipalidad de Casilda<\/title>\n<meta name=\"description\" content=\"Descubr\u00ed la cartelera del Teatro Dante de Casilda: obras de teatro, cine, m\u00fasica y eventos culturales para todas las edades.\" \/>\n<meta name=\"robots\" content=\"index, follow, max-snippet:-1, max-image-preview:large, max-video-preview:-1\" \/>\n<link rel=\"canonical\" href=\"https:\/\/www.casilda.gob.ar\/web\/teatro-dante-casilda\/\" \/>\n<meta property=\"og:locale\" content=\"es_ES\" \/>\n<meta property=\"og:type\" content=\"article\" \/>\n<meta property=\"og:title\" content=\"Cartelera Teatro Dante - Municipalidad de Casilda\" \/>\n<meta property=\"og:description\" content=\"Descubr\u00ed la cartelera del Teatro Dante de Casilda: obras de teatro, cine, m\u00fasica y eventos culturales para todas las edades.\" \/>\n<meta property=\"og:url\" content=\"https:\/\/www.casilda.gob.ar\/web\/teatro-dante-casilda\/\" \/>\n<meta property=\"og:site_name\" content=\"Municipalidad de Casilda\" \/>\n<meta property=\"article:modified_time\" content=\"2026-05-04T13:33:36+00:00\" \/>\n<meta property=\"og:image\" content=\"https:\/\/www.casilda.gob.ar\/web\/wp-content\/uploads\/2026\/05\/CINE-1.jpg\" \/>\n<meta name=\"twitter:card\" content=\"summary_large_image\" \/>\n<meta name=\"twitter:label1\" content=\"Tiempo de lectura\" \/>\n\t<meta name=\"twitter:data1\" content=\"5 minutos\" \/>\n<script type=\"application\/ld+json\" class=\"yoast-schema-graph\">{\"@context\":\"https:\/\/schema.org\",\"@graph\":[{\"@type\":\"WebPage\",\"@id\":\"https:\/\/www.casilda.gob.ar\/web\/teatro-dante-casilda\/\",\"url\":\"https:\/\/www.casilda.gob.ar\/web\/teatro-dante-casilda\/\",\"name\":\"Cartelera Teatro Dante - Municipalidad de Casilda\",\"isPartOf\":{\"@id\":\"https:\/\/www.casilda.gob.ar\/web\/#website\"},\"primaryImageOfPage\":{\"@id\":\"https:\/\/www.casilda.gob.ar\/web\/teatro-dante-casilda\/#primaryimage\"},\"image\":{\"@id\":\"https:\/\/www.casilda.gob.ar\/web\/teatro-dante-casilda\/#primaryimage\"},\"thumbnailUrl\":\"https:\/\/www.casilda.gob.ar\/web\/wp-content\/uploads\/2026\/05\/CINE-1.jpg\",\"datePublished\":\"2025-04-07T13:23:31+00:00\",\"dateModified\":\"2026-05-04T13:33:36+00:00\",\"description\":\"Descubr\u00ed la cartelera del Teatro Dante de Casilda: obras de teatro, cine, m\u00fasica y eventos culturales para todas las edades.\",\"breadcrumb\":{\"@id\":\"https:\/\/www.casilda.gob.ar\/web\/teatro-dante-casilda\/#breadcrumb\"},\"inLanguage\":\"es\",\"potentialAction\":[{\"@type\":\"ReadAction\",\"target\":[\"https:\/\/www.casilda.gob.ar\/web\/teatro-dante-casilda\/\"]}]},{\"@type\":\"ImageObject\",\"inLanguage\":\"es\",\"@id\":\"https:\/\/www.casilda.gob.ar\/web\/teatro-dante-casilda\/#primaryimage\",\"url\":\"https:\/\/www.casilda.gob.ar\/web\/wp-content\/uploads\/2026\/05\/CINE-1.jpg\",\"contentUrl\":\"https:\/\/www.casilda.gob.ar\/web\/wp-content\/uploads\/2026\/05\/CINE-1.jpg\",\"width\":1080,\"height\":720},{\"@type\":\"BreadcrumbList\",\"@id\":\"https:\/\/www.casilda.gob.ar\/web\/teatro-dante-casilda\/#breadcrumb\",\"itemListElement\":[{\"@type\":\"ListItem\",\"position\":1,\"name\":\"Inicio\",\"item\":\"https:\/\/www.casilda.gob.ar\/web\/\"},{\"@type\":\"ListItem\",\"position\":2,\"name\":\"Cartelera Teatro Dante\"}]},{\"@type\":\"WebSite\",\"@id\":\"https:\/\/www.casilda.gob.ar\/web\/#website\",\"url\":\"https:\/\/www.casilda.gob.ar\/web\/\",\"name\":\"Municipalidad de Casilda\",\"description\":\"Construyendo Futuro\",\"potentialAction\":[{\"@type\":\"SearchAction\",\"target\":{\"@type\":\"EntryPoint\",\"urlTemplate\":\"https:\/\/www.casilda.gob.ar\/web\/?s={search_term_string}\"},\"query-input\":{\"@type\":\"PropertyValueSpecification\",\"valueRequired\":true,\"valueName\":\"search_term_string\"}}],\"inLanguage\":\"es\"}]}<\/script>\n<!-- \/ Yoast SEO plugin. -->","yoast_head_json":{"title":"Cartelera Teatro Dante - Municipalidad de Casilda","description":"Descubr\u00ed la cartelera del Teatro Dante de Casilda: obras de teatro, cine, m\u00fasica y eventos culturales para todas las edades.","robots":{"index":"index","follow":"follow","max-snippet":"max-snippet:-1","max-image-preview":"max-image-preview:large","max-video-preview":"max-video-preview:-1"},"canonical":"https:\/\/www.casilda.gob.ar\/web\/teatro-dante-casilda\/","og_locale":"es_ES","og_type":"article","og_title":"Cartelera Teatro Dante - Municipalidad de Casilda","og_description":"Descubr\u00ed la cartelera del Teatro Dante de Casilda: obras de teatro, cine, m\u00fasica y eventos culturales para todas las edades.","og_url":"https:\/\/www.casilda.gob.ar\/web\/teatro-dante-casilda\/","og_site_name":"Municipalidad de Casilda","article_modified_time":"2026-05-04T13:33:36+00:00","og_image":[{"url":"https:\/\/www.casilda.gob.ar\/web\/wp-content\/uploads\/2026\/05\/CINE-1.jpg","type":"","width":"","height":""}],"twitter_card":"summary_large_image","twitter_misc":{"Tiempo de lectura":"5 minutos"},"schema":{"@context":"https:\/\/schema.org","@graph":[{"@type":"WebPage","@id":"https:\/\/www.casilda.gob.ar\/web\/teatro-dante-casilda\/","url":"https:\/\/www.casilda.gob.ar\/web\/teatro-dante-casilda\/","name":"Cartelera Teatro Dante - Municipalidad de Casilda","isPartOf":{"@id":"https:\/\/www.casilda.gob.ar\/web\/#website"},"primaryImageOfPage":{"@id":"https:\/\/www.casilda.gob.ar\/web\/teatro-dante-casilda\/#primaryimage"},"image":{"@id":"https:\/\/www.casilda.gob.ar\/web\/teatro-dante-casilda\/#primaryimage"},"thumbnailUrl":"https:\/\/www.casilda.gob.ar\/web\/wp-content\/uploads\/2026\/05\/CINE-1.jpg","datePublished":"2025-04-07T13:23:31+00:00","dateModified":"2026-05-04T13:33:36+00:00","description":"Descubr\u00ed la cartelera del Teatro Dante de Casilda: obras de teatro, cine, m\u00fasica y eventos culturales para todas las edades.","breadcrumb":{"@id":"https:\/\/www.casilda.gob.ar\/web\/teatro-dante-casilda\/#breadcrumb"},"inLanguage":"es","potentialAction":[{"@type":"ReadAction","target":["https:\/\/www.casilda.gob.ar\/web\/teatro-dante-casilda\/"]}]},{"@type":"ImageObject","inLanguage":"es","@id":"https:\/\/www.casilda.gob.ar\/web\/teatro-dante-casilda\/#primaryimage","url":"https:\/\/www.casilda.gob.ar\/web\/wp-content\/uploads\/2026\/05\/CINE-1.jpg","contentUrl":"https:\/\/www.casilda.gob.ar\/web\/wp-content\/uploads\/2026\/05\/CINE-1.jpg","width":1080,"height":720},{"@type":"BreadcrumbList","@id":"https:\/\/www.casilda.gob.ar\/web\/teatro-dante-casilda\/#breadcrumb","itemListElement":[{"@type":"ListItem","position":1,"name":"Inicio","item":"https:\/\/www.casilda.gob.ar\/web\/"},{"@type":"ListItem","position":2,"name":"Cartelera Teatro Dante"}]},{"@type":"WebSite","@id":"https:\/\/www.casilda.gob.ar\/web\/#website","url":"https:\/\/www.casilda.gob.ar\/web\/","name":"Municipalidad de Casilda","description":"Construyendo Futuro","potentialAction":[{"@type":"SearchAction","target":{"@type":"EntryPoint","urlTemplate":"https:\/\/www.casilda.gob.ar\/web\/?s={search_term_string}"},"query-input":{"@type":"PropertyValueSpecification","valueRequired":true,"valueName":"search_term_string"}}],"inLanguage":"es"}]}},"uagb_featured_image_src":{"full":false,"thumbnail":false,"medium":false,"medium_large":false,"large":false,"1536x1536":false,"2048x2048":false},"uagb_author_info":{"display_name":"Municipalidad Casilda","author_link":"https:\/\/www.casilda.gob.ar\/web\/author\/admin\/"},"uagb_comment_info":0,"uagb_excerpt":"Descubr\u00ed la cartelera del Teatro Dante: obras de teatro, cine, m\u00fasica y eventos culturales para todas las edades. \u00a1Enterate de lo que viene! Cartelera MAYO Cartelera ABRIL Cartelera Junio Cartelera JULIO Cartelera AGOSTO Cartelera Septiembre","_links":{"self":[{"href":"https:\/\/www.casilda.gob.ar\/web\/wp-json\/wp\/v2\/pages\/5475","targetHints":{"allow":["GET"]}}],"collection":[{"href":"https:\/\/www.casilda.gob.ar\/web\/wp-json\/wp\/v2\/pages"}],"about":[{"href":"https:\/\/www.casilda.gob.ar\/web\/wp-json\/wp\/v2\/types\/page"}],"author":[{"embeddable":true,"href":"https:\/\/www.casilda.gob.ar\/web\/wp-json\/wp\/v2\/users\/1"}],"replies":[{"embeddable":true,"href":"https:\/\/www.casilda.gob.ar\/web\/wp-json\/wp\/v2\/comments?post=5475"}],"version-history":[{"count":25,"href":"https:\/\/www.casilda.gob.ar\/web\/wp-json\/wp\/v2\/pages\/5475\/revisions"}],"predecessor-version":[{"id":16013,"href":"https:\/\/www.casilda.gob.ar\/web\/wp-json\/wp\/v2\/pages\/5475\/revisions\/16013"}],"wp:attachment":[{"href":"https:\/\/www.casilda.gob.ar\/web\/wp-json\/wp\/v2\/media?parent=5475"}],"curies":[{"name":"wp","href":"https:\/\/api.w.org\/{rel}","templated":true}]}}